{"id":14948,"date":"2022-06-13T19:02:15","date_gmt":"2022-06-13T19:02:15","guid":{"rendered":"https:\/\/clinicachela.com\/ortodoncia-lingual\/"},"modified":"2026-03-26T08:53:42","modified_gmt":"2026-03-26T08:53:42","slug":"ortodoncia-lingual","status":"publish","type":"page","link":"https:\/\/clinicachela.com\/ca\/tractaments\/ortodoncia\/ortodoncia-lingual\/","title":{"rendered":"Ortod\u00f2ncia Lingual"},"content":{"rendered":"<section class=\"l-section wpb_row us_custom_4bb3ecc3 height_medium width_full\"><div class=\"l-section-h i-cf\"><div class=\"g-cols vc_row via_flex valign_top type_default stacking_default\"><div class=\"vc_col-sm-12 wpb_column vc_column_container\"><div class=\"vc_column-inner\"><div class=\"wpb_wrapper\"><div class=\"g-cols wpb_row us_custom_ee10c128 service-breadcrumbs has_text_color via_flex valign_top type_default stacking_default\"><div class=\"vc_col-sm-12 wpb_column vc_column_container\"><div class=\"vc_column-inner\"><div class=\"wpb_wrapper\"><span><span><a href=\"https:\/\/clinicachela.com\/ca\/inici2\/\">Inicio<\/a><\/span><\/span><\/div><\/div><\/div><\/div><div class=\"w-image us_custom_1c8143e8 align_center\"><div class=\"w-image-h\"><img decoding=\"async\" width=\"150\" height=\"150\" data-src=\"https:\/\/clinicachela.com\/wp-content\/uploads\/2022\/06\/vector-27.svg\" class=\"attachment-thumbnail size-thumbnail lazyload\" alt=\"\" src=\"data:image\/svg+xml;base64,PHN2ZyB3aWR0aD0iMSIgaGVpZ2h0PSIxIiB4bWxucz0iaHR0cDovL3d3dy53My5vcmcvMjAwMC9zdmciPjwvc3ZnPg==\" style=\"--smush-placeholder-width: 150px; --smush-placeholder-aspect-ratio: 150\/150;\" \/><\/div><\/div><h1 class=\"w-text us_custom_40a79c96\"><span class=\"w-text-h\"><span class=\"w-text-value\">Ortod\u00f2ncia Lingual<\/span><\/span><\/h1><\/div><\/div><\/div><\/div><\/div><\/section><section class=\"l-section wpb_row height_medium\"><div class=\"l-section-h i-cf\"><div class=\"g-cols vc_row via_flex valign_top type_default stacking_default\"><div class=\"vc_col-sm-6 wpb_column vc_column_container\"><div class=\"vc_column-inner\"><div class=\"wpb_wrapper\"><h2 class=\"w-text us_custom_cd795cfd has_text_color\"><span class=\"w-text-h\"><span class=\"w-text-value\">Qu\u00e8 \u00e9s el tractament d&#039;ortod\u00f2ncia lingual?<\/span><\/span><\/h2><div class=\"w-separator size_small with_line width_default thick_1 style_solid color_text align_center\"><div class=\"w-separator-h\"><\/div><\/div><div class=\"wpb_text_column\"><div class=\"wpb_wrapper\"><p>L&#8217; <strong>ortod\u00f2ncia lingual<\/strong> \u00e9s un innovador sistema invisible que garanteix la restauraci\u00f3 de les dents. <strong>Es tracta d&#8217;uns brackets que es col\u00b7loquen per dins<\/strong> , per la cara interna de la dent (la que no es veu) permetent una m\u00e0xima est\u00e8tica. \u00c9s ideal per a les persones que no volen que es vegin els aparells.<\/p>\n<p>Gr\u00e0cies al seu disseny revolucionari <strong>\u00e9s el sistema lingual m\u00e9s fiable i c\u00f2mode<\/strong> , ja que es tracta d&#8217;uns brackets fets a mida per a cada pacient. Representen un aven\u00e7 radical sobre la resta dels aparells linguals utilitzats actualment <strong>permetent assegurar un resultat final dental de qualitat superior<\/strong> . Com que es tracta d&#8217;uns brackets personalitzats amb la m\u00ednima mida necess\u00e0ria, presenta un benestar m\u00e9s gran per al pacient i no interfereixen en la parla.<\/p>\n<\/div><\/div><\/div><\/div><\/div><div class=\"vc_col-sm-6 wpb_column vc_column_container\"><div class=\"vc_column-inner\"><div class=\"wpb_wrapper\"><div class=\"w-image us_custom_a7458c9f fullwidth align_none\"><div class=\"w-image-h\"><img decoding=\"async\" width=\"600\" height=\"400\" data-src=\"https:\/\/clinicachela.com\/wp-content\/uploads\/2022\/06\/ortodoncia-lingual-img.jpg\" class=\"attachment-full size-full lazyload\" alt=\"\" src=\"data:image\/svg+xml;base64,PHN2ZyB3aWR0aD0iMSIgaGVpZ2h0PSIxIiB4bWxucz0iaHR0cDovL3d3dy53My5vcmcvMjAwMC9zdmciPjwvc3ZnPg==\" style=\"--smush-placeholder-width: 600px; --smush-placeholder-aspect-ratio: 600\/400;\" \/><\/div><\/div><\/div><\/div><\/div><\/div><\/div><\/section><section class=\"l-section wpb_row us_custom_e47d7875 height_large\"><div class=\"l-section-h i-cf\"><div class=\"g-cols vc_row via_flex valign_top type_default stacking_default\"><div class=\"vc_col-sm-12 wpb_column vc_column_container\"><div class=\"vc_column-inner\"><div class=\"wpb_wrapper\"><div class=\"g-cols wpb_row via_flex valign_top type_default stacking_default\" style=\"--additional-gap:1.5rem;\"><div class=\"vc_col-sm-12 wpb_column vc_column_container\"><div class=\"vc_column-inner us_custom_0acfccc3\"><div class=\"wpb_wrapper\"><h2 class=\"w-text us_custom_a16e6009\"><span class=\"w-text-h\"><span class=\"w-text-value\">Caracter\u00edstiques de l&#039;ortod\u00f2ncia lingual<\/span><\/span><\/h2><div class=\"w-separator size_small with_line width_default thick_1 style_solid color_text align_center\"><div class=\"w-separator-h\"><\/div><\/div><\/div><\/div><\/div><\/div><div class=\"g-cols wpb_row via_flex valign_top type_default stacking_default\"><div class=\"vc_col-sm-4 wpb_column vc_column_container\"><div class=\"vc_column-inner\"><div class=\"wpb_wrapper\"><div class=\"w-iconbox us_custom_cdf14ffd iconpos_top style_default color_primary align_center\"><div class=\"w-iconbox-icon\" style=\"font-size:2rem;\"><i class=\"fas fa-eye-slash\"><\/i><\/div><div class=\"w-iconbox-meta\"><h3 class=\"w-iconbox-title\">Invisible<\/h3><div class=\"w-iconbox-text\"><p>\u00c9s inapreciable ja que s&#8217;aplica a la cara interna de les dents. Proporciona una major est\u00e8tica en no ser visible pels altres sent apte per a pacients amb alta exig\u00e8ncia est\u00e8tica.<\/p>\n<\/div><\/div><\/div><\/div><\/div><\/div><div class=\"vc_col-sm-4 wpb_column vc_column_container\"><div class=\"vc_column-inner\"><div class=\"wpb_wrapper\"><div class=\"w-iconbox us_custom_cdf14ffd iconpos_top style_default color_primary align_center\"><div class=\"w-iconbox-icon\" style=\"font-size:2rem;\"><i class=\"fas fa-smile-beam\"><\/i><\/div><div class=\"w-iconbox-meta\"><h3 class=\"w-iconbox-title\">C\u00f2modes<\/h3><div class=\"w-iconbox-text\"><p>S\u00f3n molt c\u00f2modes i no notar\u00e0s que els portes. Simplement necessitareu un petit per\u00edode d&#8217;adaptaci\u00f3 ia partir d&#8217;aqu\u00ed no percebreu cap mol\u00e8stia.<\/p>\n<\/div><\/div><\/div><\/div><\/div><\/div><div class=\"vc_col-sm-4 wpb_column vc_column_container\"><div class=\"vc_column-inner\"><div class=\"wpb_wrapper\"><div class=\"w-iconbox us_custom_cdf14ffd iconpos_top style_default color_primary align_center\"><div class=\"w-iconbox-icon\" style=\"font-size:2rem;\"><i class=\"fas fa-check-circle\"><\/i><\/div><div class=\"w-iconbox-meta\"><h3 class=\"w-iconbox-title\">\u00d2ptims resultats<\/h3><div class=\"w-iconbox-text\"><p>La precisi\u00f3 i la personalitzaci\u00f3 de cada aparell afavoreix i contribueix per endavant a la consecuci\u00f3 d&#8217;uns resultats \u00f2ptims.<\/p>\n<\/div><\/div><\/div><\/div><\/div><\/div><\/div><div class=\"g-cols wpb_row via_flex valign_top type_default stacking_default\"><div class=\"vc_col-sm-4 wpb_column vc_column_container\"><div class=\"vc_column-inner\"><div class=\"wpb_wrapper\"><div class=\"w-iconbox us_custom_cdf14ffd iconpos_top style_default color_primary align_center\"><div class=\"w-iconbox-icon\" style=\"font-size:2rem;\"><i class=\"fas fa-history\"><\/i><\/div><div class=\"w-iconbox-meta\"><h3 class=\"w-iconbox-title\">Poc temps<\/h3><div class=\"w-iconbox-text\"><p>El temps de durada del tractament \u00e9s menor en comparaci\u00f3 de l&#8217;ortod\u00f2ncia tradicional.<\/p>\n<\/div><\/div><\/div><\/div><\/div><\/div><div class=\"vc_col-sm-4 wpb_column vc_column_container\"><div class=\"vc_column-inner\"><div class=\"wpb_wrapper\"><div class=\"w-iconbox us_custom_cdf14ffd iconpos_top style_default color_primary align_center\"><div class=\"w-iconbox-icon\" style=\"font-size:2rem;\"><i class=\"fas fa-teeth-open\"><\/i><\/div><div class=\"w-iconbox-meta\"><h3 class=\"w-iconbox-title\">F\u00e0cil neteja<\/h3><div class=\"w-iconbox-text\"><p>Permet un raspallat correcte per evitar possibles infeccions o taques a l&#8217;esmalt dental.<\/p>\n<\/div><\/div><\/div><\/div><\/div><\/div><div class=\"vc_col-sm-4 wpb_column vc_column_container\"><div class=\"vc_column-inner\"><div class=\"wpb_wrapper\"><div class=\"w-iconbox us_custom_cdf14ffd iconpos_top style_default color_primary align_center\"><div class=\"w-iconbox-icon\" style=\"font-size:2rem;\"><i class=\"fas fa-plus\"><\/i><\/div><div class=\"w-iconbox-meta\"><h3 class=\"w-iconbox-title\">Compatible<\/h3><div class=\"w-iconbox-text\"><p>Gr\u00e0cies a la posici\u00f3 on es troba l&#8217;ortod\u00f2ncia, es poden aplicar un altre tipus de tractaments com blanquejament o carilles.<\/p>\n<\/div><\/div><\/div><\/div><\/div><\/div><\/div><div class=\"g-cols wpb_row via_flex valign_top type_default stacking_default\"><div class=\"vc_col-sm-4 wpb_column vc_column_container\"><div class=\"vc_column-inner\"><div class=\"wpb_wrapper\"><div class=\"w-iconbox us_custom_cdf14ffd iconpos_top style_default color_primary align_center\"><div class=\"w-iconbox-icon\" style=\"font-size:2rem;\"><i class=\"fas fa-user-shield\"><\/i><\/div><div class=\"w-iconbox-meta\"><h3 class=\"w-iconbox-title\">Assegurances<\/h3><div class=\"w-iconbox-text\"><p>La seguretat \u00e9s for\u00e7a elevada en contrast amb altres aparells, ja que en estar darrere de les dents s&#8217;evita possibles ferides als llavis.<\/p>\n<\/div><\/div><\/div><\/div><\/div><\/div><div class=\"vc_col-sm-4 wpb_column vc_column_container\"><div class=\"vc_column-inner\"><div class=\"wpb_wrapper\"><div class=\"w-iconbox us_custom_cdf14ffd iconpos_top style_default color_primary align_center\"><div class=\"w-iconbox-icon\" style=\"font-size:2rem;\"><i class=\"fas fa-desktop\"><\/i><\/div><div class=\"w-iconbox-meta\"><h3 class=\"w-iconbox-title\">Previsualitzaci\u00f3<\/h3><div class=\"w-iconbox-text\"><p>Pots previsualitzar els resultats final gr\u00e0cies a les innovadores eines tecnol\u00f2giques.<\/p>\n<\/div><\/div><\/div><\/div><\/div><\/div><div class=\"vc_col-sm-4 wpb_column vc_column_container\"><div class=\"vc_column-inner\"><div class=\"wpb_wrapper\"><\/div><\/div><\/div><\/div><\/div><\/div><\/div><\/div><\/div><\/section>\n","protected":false},"excerpt":{"rendered":"InicioOrtod\u00f2ncia LingualQu\u00e8 \u00e9s el tractament d&#039;ortod\u00f2ncia lingual?L&#8217; ortod\u00f2ncia lingual \u00e9s un innovador sistema invisible que garanteix la restauraci\u00f3 de les dents. Es tracta d&#8217;uns brackets que es col\u00b7loquen per dins , per la cara interna de la dent (la que no es veu) permetent una m\u00e0xima est\u00e8tica. \u00c9s ideal per a les persones que no...","protected":false},"author":5,"featured_media":0,"parent":14980,"menu_order":0,"comment_status":"closed","ping_status":"closed","template":"","meta":{"_acf_changed":false,"footnotes":""},"class_list":["post-14948","page","type-page","status-publish","hentry"],"acf":[],"_links":{"self":[{"href":"https:\/\/clinicachela.com\/ca\/wp-json\/wp\/v2\/pages\/14948"}],"collection":[{"href":"https:\/\/clinicachela.com\/ca\/wp-json\/wp\/v2\/pages"}],"about":[{"href":"https:\/\/clinicachela.com\/ca\/wp-json\/wp\/v2\/types\/page"}],"author":[{"embeddable":true,"href":"https:\/\/clinicachela.com\/ca\/wp-json\/wp\/v2\/users\/5"}],"replies":[{"embeddable":true,"href":"https:\/\/clinicachela.com\/ca\/wp-json\/wp\/v2\/comments?post=14948"}],"version-history":[{"count":11,"href":"https:\/\/clinicachela.com\/ca\/wp-json\/wp\/v2\/pages\/14948\/revisions"}],"predecessor-version":[{"id":38559,"href":"https:\/\/clinicachela.com\/ca\/wp-json\/wp\/v2\/pages\/14948\/revisions\/38559"}],"up":[{"embeddable":true,"href":"https:\/\/clinicachela.com\/ca\/wp-json\/wp\/v2\/pages\/14980"}],"wp:attachment":[{"href":"https:\/\/clinicachela.com\/ca\/wp-json\/wp\/v2\/media?parent=14948"}],"curies":[{"name":"wp","href":"https:\/\/api.w.org\/{rel}","templated":true}]}}

Ortodòncia Lingual

<section class="l-section wpb_row us_custom_4bb3ecc3 height_medium width_full"><div class="l-section-h i-cf"><div class="g-cols vc_row via_flex valign_top type_default stacking_default"><div class="vc_col-sm-12 wpb_column vc_column_container"><div class="vc_column-inner"><div class="wpb_wrapper"><div class="g-cols wpb_row us_custom_ee10c128 service-breadcrumbs has_text_color via_flex valign_top type_default stacking_default"><div class="vc_col-sm-12 wpb_column vc_column_container"><div class="vc_column-inner"><div class="wpb_wrapper"><span><span><a href="https://clinicachela.com/ca/inici2/">Inicio</a></span></span></div></div></div></div><div class="w-image us_custom_1c8143e8 align_center"><div class="w-image-h"><img decoding="async" width="150" height="150" data-src="https://clinicachela.com/wp-content/uploads/2022/06/vector-27.svg" class="attachment-thumbnail size-thumbnail lazyload" alt="" src="data:image/svg+xml;base64,PHN2ZyB3aWR0aD0iMSIgaGVpZ2h0PSIxIiB4bWxucz0iaHR0cDovL3d3dy53My5vcmcvMjAwMC9zdmciPjwvc3ZnPg==" style="--smush-placeholder-width: 150px; --smush-placeholder-aspect-ratio: 150/150;" /></div></div><h1 class="w-text us_custom_40a79c96"><span class="w-text-h"><span class="w-text-value">Ortodòncia Lingual</span></span></h1></div></div></div></div></div></section><section class="l-section wpb_row height_medium"><div class="l-section-h i-cf"><div class="g-cols vc_row via_flex valign_top type_default stacking_default"><div class="vc_col-sm-6 wpb_column vc_column_container"><div class="vc_column-inner"><div class="wpb_wrapper"><h2 class="w-text us_custom_cd795cfd has_text_color"><span class="w-text-h"><span class="w-text-value">Què és el tractament d&#039;ortodòncia lingual?</span></span></h2><div class="w-separator size_small with_line width_default thick_1 style_solid color_text align_center"><div class="w-separator-h"></div></div><div class="wpb_text_column"><div class="wpb_wrapper"><p>L&#8217; <strong>ortodòncia lingual</strong> és un innovador sistema invisible que garanteix la restauració de les dents. <strong>Es tracta d&#8217;uns brackets que es col·loquen per dins</strong> , per la cara interna de la dent (la que no es veu) permetent una màxima estètica. És ideal per a les persones que no volen que es vegin els aparells.</p>
<p>Gràcies al seu disseny revolucionari <strong>és el sistema lingual més fiable i còmode</strong> , ja que es tracta d&#8217;uns brackets fets a mida per a cada pacient. Representen un avenç radical sobre la resta dels aparells linguals utilitzats actualment <strong>permetent assegurar un resultat final dental de qualitat superior</strong> . Com que es tracta d&#8217;uns brackets personalitzats amb la mínima mida necessària, presenta un benestar més gran per al pacient i no interfereixen en la parla.</p>
</div></div></div></div></div><div class="vc_col-sm-6 wpb_column vc_column_container"><div class="vc_column-inner"><div class="wpb_wrapper"><div class="w-image us_custom_a7458c9f fullwidth align_none"><div class="w-image-h"><img decoding="async" width="600" height="400" data-src="https://clinicachela.com/wp-content/uploads/2022/06/ortodoncia-lingual-img.jpg" class="attachment-full size-full lazyload" alt="" src="data:image/svg+xml;base64,PHN2ZyB3aWR0aD0iMSIgaGVpZ2h0PSIxIiB4bWxucz0iaHR0cDovL3d3dy53My5vcmcvMjAwMC9zdmciPjwvc3ZnPg==" style="--smush-placeholder-width: 600px; --smush-placeholder-aspect-ratio: 600/400;" /></div></div></div></div></div></div></div></section><section class="l-section wpb_row us_custom_e47d7875 height_large"><div class="l-section-h i-cf"><div class="g-cols vc_row via_flex valign_top type_default stacking_default"><div class="vc_col-sm-12 wpb_column vc_column_container"><div class="vc_column-inner"><div class="wpb_wrapper"><div class="g-cols wpb_row via_flex valign_top type_default stacking_default" style="--additional-gap:1.5rem;"><div class="vc_col-sm-12 wpb_column vc_column_container"><div class="vc_column-inner us_custom_0acfccc3"><div class="wpb_wrapper"><h2 class="w-text us_custom_a16e6009"><span class="w-text-h"><span class="w-text-value">Característiques de l&#039;ortodòncia lingual</span></span></h2><div class="w-separator size_small with_line width_default thick_1 style_solid color_text align_center"><div class="w-separator-h"></div></div></div></div></div></div><div class="g-cols wpb_row via_flex valign_top type_default stacking_default"><div class="vc_col-sm-4 wpb_column vc_column_container"><div class="vc_column-inner"><div class="wpb_wrapper"><div class="w-iconbox us_custom_cdf14ffd iconpos_top style_default color_primary align_center"><div class="w-iconbox-icon" style="font-size:2rem;"><i class="fas fa-eye-slash"></i></div><div class="w-iconbox-meta"><h3 class="w-iconbox-title">Invisible</h3><div class="w-iconbox-text"><p>És inapreciable ja que s&#8217;aplica a la cara interna de les dents. Proporciona una major estètica en no ser visible pels altres sent apte per a pacients amb alta exigència estètica.</p>
</div></div></div></div></div></div><div class="vc_col-sm-4 wpb_column vc_column_container"><div class="vc_column-inner"><div class="wpb_wrapper"><div class="w-iconbox us_custom_cdf14ffd iconpos_top style_default color_primary align_center"><div class="w-iconbox-icon" style="font-size:2rem;"><i class="fas fa-smile-beam"></i></div><div class="w-iconbox-meta"><h3 class="w-iconbox-title">Còmodes</h3><div class="w-iconbox-text"><p>Són molt còmodes i no notaràs que els portes. Simplement necessitareu un petit període d&#8217;adaptació ia partir d&#8217;aquí no percebreu cap molèstia.</p>
</div></div></div></div></div></div><div class="vc_col-sm-4 wpb_column vc_column_container"><div class="vc_column-inner"><div class="wpb_wrapper"><div class="w-iconbox us_custom_cdf14ffd iconpos_top style_default color_primary align_center"><div class="w-iconbox-icon" style="font-size:2rem;"><i class="fas fa-check-circle"></i></div><div class="w-iconbox-meta"><h3 class="w-iconbox-title">Òptims resultats</h3><div class="w-iconbox-text"><p>La precisió i la personalització de cada aparell afavoreix i contribueix per endavant a la consecució d&#8217;uns resultats òptims.</p>
</div></div></div></div></div></div></div><div class="g-cols wpb_row via_flex valign_top type_default stacking_default"><div class="vc_col-sm-4 wpb_column vc_column_container"><div class="vc_column-inner"><div class="wpb_wrapper"><div class="w-iconbox us_custom_cdf14ffd iconpos_top style_default color_primary align_center"><div class="w-iconbox-icon" style="font-size:2rem;"><i class="fas fa-history"></i></div><div class="w-iconbox-meta"><h3 class="w-iconbox-title">Poc temps</h3><div class="w-iconbox-text"><p>El temps de durada del tractament és menor en comparació de l&#8217;ortodòncia tradicional.</p>
</div></div></div></div></div></div><div class="vc_col-sm-4 wpb_column vc_column_container"><div class="vc_column-inner"><div class="wpb_wrapper"><div class="w-iconbox us_custom_cdf14ffd iconpos_top style_default color_primary align_center"><div class="w-iconbox-icon" style="font-size:2rem;"><i class="fas fa-teeth-open"></i></div><div class="w-iconbox-meta"><h3 class="w-iconbox-title">Fàcil neteja</h3><div class="w-iconbox-text"><p>Permet un raspallat correcte per evitar possibles infeccions o taques a l&#8217;esmalt dental.</p>
</div></div></div></div></div></div><div class="vc_col-sm-4 wpb_column vc_column_container"><div class="vc_column-inner"><div class="wpb_wrapper"><div class="w-iconbox us_custom_cdf14ffd iconpos_top style_default color_primary align_center"><div class="w-iconbox-icon" style="font-size:2rem;"><i class="fas fa-plus"></i></div><div class="w-iconbox-meta"><h3 class="w-iconbox-title">Compatible</h3><div class="w-iconbox-text"><p>Gràcies a la posició on es troba l&#8217;ortodòncia, es poden aplicar un altre tipus de tractaments com blanquejament o carilles.</p>
</div></div></div></div></div></div></div><div class="g-cols wpb_row via_flex valign_top type_default stacking_default"><div class="vc_col-sm-4 wpb_column vc_column_container"><div class="vc_column-inner"><div class="wpb_wrapper"><div class="w-iconbox us_custom_cdf14ffd iconpos_top style_default color_primary align_center"><div class="w-iconbox-icon" style="font-size:2rem;"><i class="fas fa-user-shield"></i></div><div class="w-iconbox-meta"><h3 class="w-iconbox-title">Assegurances</h3><div class="w-iconbox-text"><p>La seguretat és força elevada en contrast amb altres aparells, ja que en estar darrere de les dents s&#8217;evita possibles ferides als llavis.</p>
</div></div></div></div></div></div><div class="vc_col-sm-4 wpb_column vc_column_container"><div class="vc_column-inner"><div class="wpb_wrapper"><div class="w-iconbox us_custom_cdf14ffd iconpos_top style_default color_primary align_center"><div class="w-iconbox-icon" style="font-size:2rem;"><i class="fas fa-desktop"></i></div><div class="w-iconbox-meta"><h3 class="w-iconbox-title">Previsualització</h3><div class="w-iconbox-text"><p>Pots previsualitzar els resultats final gràcies a les innovadores eines tecnològiques.</p>
</div></div></div></div></div></div><div class="vc_col-sm-4 wpb_column vc_column_container"><div class="vc_column-inner"><div class="wpb_wrapper"></div></div></div></div></div></div></div></div></div></section>

InicioOrtodòncia LingualQuè és el tractament d&#039;ortodòncia lingual?L&#8217; ortodòncia lingual és un innovador sistema invisible que garanteix la restauració de les dents. Es tracta d&#8217;uns brackets que es col·loquen per dins , per la cara interna de la dent (la que no es veu) permetent una màxima estètica. És ideal per a les persones que no...
